5. Is m prime?
False
Let p = -170 - -177. Suppose 0 = x + p*x - 21224. Is x a composite number?
True
Let u be ((-186)/15 + 13)/(1/5). Is 9004680/480*4/u a composite number?
False
Let w = -82 - -85. Is w + (21/6 - 0)*180 composite?
True
Suppose 4*f - 8 - 12 = -2*l, f = 5*l + 5. Suppose -5*j + 1630 + 5070 = l. Suppose 0 = 2*y - j - 618. Is y prime?
False
Suppose 4*p + t = 4118, 5*p - t - 361 = 4782. Let h = -1391 + 1971. Let n = p - h. Is n composite?
False
Let f = 37 + -35. Suppose 3*k = -3*g + 6*k + 2478, -5*g + 4095 = f*k. Is g a composite number?
False
Let b(q) = -q**3 + 14*q**2 - 15*q + 31. Let s be b(13). Let l be 409*s + (4 - 7). Suppose l = 8*y - 1334. Is y composite?
True
Suppose 0 = 2*t - 7*h + 2*h - 522705, 522729 = 2*t + 3*h. Let d be (-1)/2 - t/(-32). Suppose -3*l + d - 2746 = 0. Is l a composite number?
True
Suppose -v = -4*h + v + 22, -3*h = v - 9. Let l(u) = 5*u + 1 + 2 - 10 + 2 + h*u**2. Is l(4) a composite number?
False
Let l = 101 - 101. Suppose -2*t + 5*q + 4609 = l, 4*q = -6 + 10. Is t a composite number?
True
Suppose -131*z + 25948297 = -19353784 - 20491490. Is z a composite number?
True
Suppose 5*p + 4*o = 1062805 + 406248, p = o + 293807. Is p a composite number?
True
Let f(x) = -x + 5. Let l(p) = -p + 6. Let g(k) = 3*f(k) - 2*l(k). Let j be g(5). Is j + 1 + (-1424)/(-1) a prime number?
True
Let m be ((-4)/10)/(0 - (-4)/(-60)). Suppose -m*l = 5769 - 44931. Is l prime?
False
Suppose l + 264814 = 5*h, -118*l + 120*l = 3*h - 158887. Is h a prime number?
True
Suppose -2399655 = -8003*r + 7988*r. Is r a composite number?
False
Let v be -19323*(1 + (-25)/15). Let x = 30049 - v. Is x composite?
False
Suppose 15 = 2*q + 1. Suppose -f + 584 = q*f. Suppose -h + 5*z = 21 - f, 0 = 4*h - 3*z - 293. Is h composite?
True
Let k = 32 + -28. Suppose 0 = -2*v - i + 2*i - 166, 336 = -k*v + i. Is -1*14*v/10 a composite number?
True
Let f(a) be the first derivative of 1200*a**2 - 43*a - 60. Is f(8) composite?
False
Let a(o) = 8*o**2 + 31*o - 28. Let h be a(16). Suppose 3*w - 14793 = -3*q, 2*q - h = -3*w + 7343. Is q a prime number?
False
Suppose 0 = 18328*c - 18322*c - 1593222. Is c a composite number?
True
Suppose -21*d = -333635 - 67906. Is d a composite number?
False
Let b(u) = 30*u**2 + 6*u - 11. Let z(d) = -d + 1. Let v be (-896)/144 + 2/9. Let n(q) = v*z(q) + b(q). Is n(9) composite?
False
Let r(a) = 3*a + 26. Suppose -s + 4*s + 21 = 0. Let n be r(s). Suppose n*b - 11*b + 534 = 0. Is b composite?
False
Suppose -2*f = -2*l + 85946 - 17092, -2*l + 68824 = 3*f. Is l composite?
False
Let w be 26 + -29 - -1*25. Suppose 15*r = -w*r + 235061. Is r a composite number?
False
Suppose -2*t - 96 = -6*t. Suppose 7*g - 6*g + t = 0. Let c(q) = q**3 + 28*q**2 + 8*q + 15. Is c(g) composite?
True
Let z(q) = 3*q + 71*q**2 - 1 - 66*q**2 + q**3 - 1. Let i be z(-4). Suppose -3*v = -0*v - a - 277, 2*v + i*a = 174. Is v composite?
True
Let x be (-7 - -14) + (-2 - 15). Let v(q) = 6*q**2 + 4*q - 93. Is v(x) prime?
True
Is 83303/3 + (-450)/675 a composite number?
False
Let c(z) be the third derivative of 439*z**4/24 - 10*z**3/3 + 255*z**2. Is c(1) a composite number?
False
Let b = 26571 - -163018. Is b a prime number?
False
Let z(p) = -3*p - 55. Let t be z(-25). Suppose 14*b - t*b = -34482. Is b prime?
False
Suppose -31*d = 619*d - 34540350. Is d a composite number?
True
Let y(f) = -6*f**3 + 144*f**2 + 79*f + 412. Is y(-65) prime?
True
Is 9 + -1 + ((-9943)/(-3))/((-34)/(-306)) prime?
True
Let f(y) = 3*y**2 + 27*y - 166. Let t be f(-29). Is (3 - t)/1*5/(-1) a composite number?
True
Suppose -121*z + 26583 = -118*z. Suppose 11844 = 4*k - 2*q, 3*k = -8*q + 4*q + z. Is k a composite number?
True
Suppose -8199 = u + 3*y, 5*y - 16409 = -u + 3*u. Let v = u + 14311. Is v prime?
False
Is (-11090638)/(-52)*(0 + 2) a composite number?
False
Let k = -17147 + 79260. Is k a composite number?
True
Suppose -9*l + 915399 = 8*l - 473960. Is l a composite number?
False
Suppose -170976 = -4*w - 5*y, 4*w + y - 152303 = 18657. Is w composite?
True
Suppose 0 = 5*y + 4*i, 0*y = 5*y + 3*i. Suppose -2*o - 5680 = -y*o. Let d = -801 - o. Is d composite?
False
Is -6 - 24681819/(-63) - (-3 + (-61)/(-21)) prime?
False
Is ((-197024224)/(-1520))/(8/(-20)*(2 - 3)) a prime number?
True
Suppose -4*r + 67 = 31. Suppose 4*k = 157 - r. Is k composite?
False
Suppose -17*v + 14*v = -18. Is ((-1041)/v)/(5/(-20)) composite?
True
Let c = 82177 + -24735. Suppose -2*n - 2*a - c = -6*n, n - 14378 = -3*a. Is n a composite number?
True
Let h = 10 + -77. Let q = 55 + h. Is (q/10)/(10/(-24175)) composite?
True
Let n(g) = -1023*g**3 - g**2 - 5*g + 6. Let m be n(1). Let l = 1442 + m. Is l a prime number?
True
Is 105202 - ((-88)/(-32) - 5)/(3/(-4)) composite?
False
Suppose -1487474 - 158058 = -28*g. Is g composite?
True
Let u = 295 - 292. Suppose -2*t = -3*g - 17273, -g - u*g - 8629 = -t. Is t prime?
True
Suppose -2877*d = -2846*d - 708443. Is d composite?
False
Let h(v) = 39744*v**2 + 2346*v + 1. Is h(4) composite?
True
Let x(o) = 12828*o**2 - 230*o - 1421. Is x(-8) a composite number?
False
Suppose 480*d - 5*v + 60393 = 483*d, -4*v = -d + 20165. Is d a prime number?
False
Suppose 31*a - 492769 - 129928 = 0. Suppose -5578 = -t + 4*k, 0 = 3*t + 5*k - a + 3285. Is t a prime number?
False
Let f(x) = -24431*x + 188. Let h be f(-5). Is h/(-2 + 15)*5/3 composite?
True
Suppose -y + 6*y - 31531 = 4*y. Is y a prime number?
True
Let p be (9/(189/14))/((-1)/(-6)). Suppose -22347 = -p*y - 5*n, -4*n + 22335 = 4*y - 3*n. Is y composite?
True
Let k = 373464 + 200441. Is k prime?
False
Suppose -y + 142 - 140 = 0. Is y/3*1/(14/98763) a prime number?
True
Suppose 430*i + 4 = 431*i. Suppose t + 38891 = k + i*k, -5*k - 4*t = -38886. Is k a prime number?
False
Let h(c) = 80*c + 3 + 1 + 55*c**2 + 34*c**2 + 0. Is h(5) a composite number?
True
Suppose -45*o = -349*o + 39184688. Is o composite?
True
Let n be 28/(7/35*(-20)/(-6)). Suppose -39*d + n*d = 21. Is (d - 5)*((-965)/(-2) - -1) a composite number?
False
Is ((-2707218)/12)/(-1) - 8/16 a prime number?
True
Let a(k) = 5*k - 3. Let s(f) = f + 1. Let q(y) = -a(y) + 6*s(y). Let i be q(-7). Suppose 5*n - 2*z - 2033 = 0, -4*z + 1223 = 3*n - i*z. Is n a prime number?
False
Let s(t) = t**3 + 10*t**2 - t + 7. Let b be s(-8). Suppose -6*u - 47 = -b. Suppose u*g = 13*g + 471. Is g composite?
False
Let k(o) = -o**3 - 18*o**2 - 6*o - 16. Let l be k(-18). Let i = 323 - l. Suppose -5*c + 104 + i = 0. Is c prime?
True
Suppose 8*u - 12256 = 41392. Let j = u + 7813. Is j prime?
True
Suppose 0 = -363*m + 366*m - 72. Suppose -50655 = -m*p + 9*p. Is p a composite number?
True
Suppose -2*z + z = -r - 5981, -23924 = -4*z + 5*r. Is z composite?
False
Let v(q) = 4605*q**3 - 3*q - 2. Let j be v(-1). Is (j/16*-2)/((-2)/(-4)) a composite number?
False
Let r = -310 - -476. Is (4/9)/(r/206919) a composite number?
True
Let q be (-604)/3*-3*(-2 + 0). Let z = -4094 - q. Let u = z - -4987. Is u composite?
True
Suppose 1462 + 1123 = 11*m. Let j = -30 + -84. Let s = m + j. Is s prime?
False
Let f(c) = c**3 - 35 - 63*c + c**2 + 108*c - 70*c. Is f(17) a prime number?
False
Let m be 1 - (4 - (2 + 0)). Is m/7 + 14828/14 a prime number?
False
Let b = 1152 - 737. Suppose 0*r + 10 = 5*r. Suppose -v = -r*v + b. Is v prime?
False
Suppose 2684*u - 2679*u = 654056 + 915339. Is u prime?
True
Let n be 2/6*180/20. Suppose -18885 = -6*u + n*u. Suppose 0*m + u = 5*m. Is m a composite number?
False
Suppose -18 = -3*r - 3*r. Let s(o) = 944*o**2 + 7*o - 16. Is s(r) prime?
True
Let s(r) = -r**3 - 4*r**2 - 3*r - 6. Let p be s(-4). Let u be (-24)/3 + 5035 + 1 + 8. Suppose p*n - 2*n = u. Is n composite?
False
Let u = 16 - -10. Suppose 14*a - 16*a = -u. Suppose -a*q - 2*q + 15735 = 0. Is q a prime number?
True
Suppose -4*p - 5*j + 60 = p, -4*p + 36 = j. Suppose 0 = p*w - 22 + 6. Is (3/w)/(3*(-4)/(-5128)) a prime number?
True
Suppose 2*h = 4*l + 8, 0*l - 2*l + 68 = 5*h. Suppose 0 = 16*g - h*g - 2008. Is (g/(-10))/(3/(-15)) prime?
True
Suppose -58768 = -2*r + 17478. Is r a prime number?
False
Let w = 63 - 64. Let x be -2 + (-8774 - (w + -3)). Is (-1)/3 + x/(-18) a composite number?
False
Suppose 10*b = 17*b. Suppose -2*d - 3*t + 686 = -b*d, 2*d + t - 690 = 0. Is d prime?
False
Suppose 26 = 2*w - 5*i, -5*w = -3*i - 14 - 32. Suppose 14*t = w*t 